r prime?
False
Suppose 3*m = 2*g + 158355, -5*g - 68461 - 89876 = -3*m. Is m prime?
False
Suppose 33*t - 34*t - 3*y = -596768, y - 2983938 = -5*t. Is t a composite number?
False
Suppose -4652 = 2*s - 4*s - 5*k, 0 = s + 3*k - 2328. Suppose 4 = 2*v, -p + 4*v + v = -s. Is p a composite number?
True
Suppose 0 = -2*s + 5*i, -5*s + 19 = -0*s - 3*i. Suppose 31 = s*d + 6. Is 1260 + -2*d/10 a prime number?
True
Let c(u) = 51*u**2 + 16*u - 50. Is c(15) a prime number?
False
Let x be (24/4)/(4 - 2). Suppose x*z - 14 = -2. Suppose -z*g + 28 = -0*g. Is g a composite number?
False
Suppose 0 = -0*p + p - 2*z - 1, -5*z = -5*p - 10. Let o(d) = 6*d**2 - 6*d - 9. Let n be o(p). Suppose -n = -x + 955. Is x a prime number?
False
Let l be ((-12351)/(-6))/(10/1300). Is 3 + l/15 - (-4)/(-12) prime?
False
Suppose 0 = 5*u + 25, -2*i + 4*u = -5294 + 1182. Suppose -2*l + 3652 = -i. Suppose k = 8*k - l. Is k composite?
True
Suppose -8 = -73*w + 69*w. Suppose w*p = 4*h - 2114, 3*h - 4*p + 743 - 2321 = 0. Suppose i - h = -2*o, 3*o = 2*i + 326 + 455. Is o composite?
False
Let z be (-3 + 2)*9*55/(-33). Is z/5 + (-1)/(1/(-3716)) prime?
True
Suppose 5*q + 5*u = -29605, -q + 23724 = -5*q + 4*u. Let j = 2997 - q. Is j a prime number?
True
Let n(i) = -2*i**2 - 3 - 3 + 5*i - 69*i**3 + 2 + 249*i**3. Let v(k) = -k**3 - 6*k**2 + k + 7. Let p be v(-6). Is n(p) composite?
False
Suppose -a = -3*v - 2*v - 20668, 4*a - 4*v = 82752. Is a composite?
False
Suppose -5*p + 3*k + 303430 = -435820, -p + 147857 = -2*k. Is p composite?
True
Let n(o) = -3*o - 32. Let j be (-2 - 6/(-4))/(1/20). Let z be n(j). Is -537*2/z + (3 - 5) a prime number?
False
Suppose 5*u - 130690 = -5*i, -13*i = -15*i + 2*u + 52288. Is i prime?
True
Suppose -3*q + 117*n - 113*n + 247271 = 0, -2*n = 4. Is q prime?
True
Suppose 0 = 79*s - 762251 - 2452496. Is s prime?
True
Let l(b) = -b**2 - 6*b + 7. Let g be l(-6). Suppose -7*w + 30 = 3*w. Suppose -2*v + w*s - 11810 = -g*v, 4*v - 9456 = -4*s. Is v a composite number?
True
Suppose -4*v - 159858 = -2*u, 20*u - 23*u + 3*v + 239802 = 0. Is u a prime number?
True
Suppose 5*w = 3*o + 282752, -122 + 92 = -5*o. Is w a prime number?
False
Let y = 254845 - -244648. Is y a prime number?
True
Suppose 249 = -5*t + 19189. Suppose y - 2*f + 0*f = 2677, -f - 13358 = -5*y. Let a = t - y. Is a a prime number?
True
Let i(w) be the second derivative of -w**6/18 - w**5/24 - 11*w**4/12 + 6*w. Let l(j) be the third derivative of i(j). Is l(-3) a composite number?
True
Suppose 18*q = 109*q - 4407949. Is q a composite number?
True
Let a = 621 - 320. Suppose 4*n - 3305 - 143 = 0. Let z = n + a. Is z prime?
True
Is (-1)/(-3) - (948520/(-15) - -6) prime?
False
Suppose -22*i - 2882 = 4995 - 38611. Is i prime?
False
Let d = 15544430 + -10203619. Is d prime?
False
Let o(q) = -q**3 - 12*q**2 - 11*q + 4. Let k be o(-11). Suppose 7 = 3*w - t, 0*t = w - 2*t + 1. Is 550 + w + (k - 4) prime?
False
Suppose 51*z = 13*z + 43054. Let a = z + 128. Is a prime?
False
Suppose 224725 = 54*h - 222773. Is h a prime number?
True
Suppose 33*k = -1722 + 8784. Suppose -k*c + 222*c = 220888. Is c a composite number?
False
Suppose -826378 = -4*o - 6*a, -413187 = -2*o - 201*a + 200*a. Is o prime?
True
Let f = 28522 - -9517. Is f a composite number?
False
Suppose -214*b = -221*b + 351799. Is b a prime number?
False
Let g(r) = 316*r + 250*r - 147*r + 69*r + 21. Is g(11) a composite number?
True
Suppose 13*o = 59687 + 227327. Suppose 0 = -4*d - r + o, 0 = 3*d - 2*r + 7*r - 16567. Is d a composite number?
False
Let t(h) = -26*h**3 - 3*h**2 + 8*h + 47. Let m be t(-6). Suppose m = -970*c + 971*c. Is c composite?
False
Let h(a) = -a**3 - 6*a**2 + 10*a - 4. Let z be h(-8). Suppose 33 = z*t - 43*t. Is t composite?
True
Let s(o) = -512*o**3 - 7*o**2 - 12*o - 33. Is s(-10) a composite number?
False
Let z = -971127 + 1414906. Is z a composite number?
True
Let f(v) = -3*v - 14 - 30*v - 140 + 79 - 113. Is f(-23) prime?
True
Let z be (-12034)/(-2) - (-14)/((-70)/(-15)). Let g = z - 2883. Is g a prime number?
True
Let h be (-2 + 1)/((-10)/3650). Let j = h - 575. Let f = -83 - j. Is f prime?
True
Suppose 15*y = 13*y + 17264. Suppose 0 = -4*r - 4*i + y, -3*r + 4304 + 2176 = i. Is r prime?
True
Let z(s) be the second derivative of -25*s**3/6 + 3*s**2/2 - 34*s. Let c be z(-8). Suppose -6*k - 217 = -7*k + 3*i, -4*i + c = k. Is k a prime number?
True
Let k = -284 + 294. Is 28496/10 + -5 - (-4)/k prime?
False
Suppose 0 = 10*s - 16 - 4. Suppose -5*g + 38413 = -0*g - s*o, 0 = 3*o + 12. Is g prime?
True
Suppose -5*b + 5 = t, -t + 2 = -4*b - 3. Suppose 2*z = -2*k + 8 - b, -z - 4 = 0. Suppose 2233 = 2*a + x, k*a - 4*x = 3*a + 5589. Is a composite?
False
Let t(h) = h**3 + 38*h**2 - h + 3. Is t(-37) a composite number?
False
Let z be -5*(-3)/5 + -6. Let a(m) = -26*m + 8. Let i be a(z). Suppose -q + 127 = -4*g, 2*g + 464 = 4*q - i. Is q a prime number?
True
Suppose 2*f + 49429 = 5*y - 2*y, 0 = y - f - 16476. Is y a composite number?
False
Suppose 225*x + 188964 = 261*x. Is x a composite number?
True
Suppose s = -0*s + 245695. Is s a composite number?
True
Let p(l) = l**3 + 4*l**2 - 3*l + 10. Let j be p(-5). Let o = -1474 + 2502. Suppose 2*a - 6*a + o = j. Is a a composite number?
False
Suppose -23 = -14*d + 11*d + 2*j, -5*d - j + 34 = 0. Suppose 18*p - d*p - 44473 = 0. Is p a prime number?
False
Let n = -134 - -898. Let b = n + 2495. Is b a composite number?
False
Let c = -3386 - -6050. Let w = -1512 + c. Let z = -703 + w. Is z prime?
True
Suppose 3*l - a + 37618 = 0, l - 4*a + 12518 = -9*a. Let x = l - -18135. Is x a composite number?
True
Let v be (3/((-6)/(-923)))/((-2)/12). Let q = 7388 + v. Is q prime?
False
Suppose -3*o = 4*k - 36443, -o + 4*o - 2*k - 36413 = 0. Suppose 4*x = 1523 + o. Suppose 3*p + 3*q = 1908 + 1548, 5*q = 3*p - x. Is p composite?
True
Suppose -15797584 = -166*k + 126701 + 18908657. Is k a prime number?
True
Let x(c) = 19*c - 7. Let u be x(2). Suppose 32*a - u*a = 6. Let k(m) = 3*m**2 + 7*m - 1. Is k(a) a prime number?
True
Suppose 4*v - 1276925 = -5*l + 4*l, 5*v = -l + 1596154. Is v composite?
True
Let r = -142 + 144. Suppose 0 = -7*l + r*l + x + 801, 0 = -5*x + 20. Is l a composite number?
True
Suppose -3*t + 218155 = 4*h - 2*t, 272690 = 5*h + 5*t. Is h prime?
True
Let g = -68 + 89. Suppose 0 = g*u - 18*u - 9. Let s(a) = 9*a**3 - 8*a**2 + 7. Is s(u) prime?
False
Let o(p) be the first derivative of 2*p**3/3 - 2*p**2 + p + 151. Let r = -17 - -10. Is o(r) a composite number?
False
Let u = -14 - -16. Let d = 484 - 279. Suppose 3*x + 3 = 0, -i + d = -u*x - 734. Is i prime?
True
Suppose -3*u + u = -104. Is 13/(u/10380) - 1 prime?
False
Let v(h) = 2289*h**2 - 2*h + 2. Let k be v(1). Suppose 2*d = 2*p - 1225 - 3357, p - k = -d. Let w = 3801 - p. Is w composite?
False
Suppose 50*m = -33*m + 7705350 + 9888077. Is m prime?
True
Let g be 1 + 2*(-2)/4. Suppose -3*o + 2*v - 3*v + 390 = g, o + 2*v = 135. Let m = o - -26. Is m prime?
False
Let j(u) = 15*u**2 - 6*u - 10. Suppose 20 = 2*x - s, 6*x = 2*x - 2*s + 56. Let v be (8/(-12))/(1/x). Is j(v) a composite number?
True
Let b(a) = -527*a**3 - 48*a**2 + 26*a + 4. Is b(-5) a prime number?
False
Suppose 5*g = -3*g + 192. Suppose 11*i = 8*i + g. Suppose 0 = -i*j + 4837 + 31395. Is j a composite number?
True
Let d(j) = -4*j**2 - 4*j + 26. Let v be d(6). Let c = 461 + v. Is c prime?
False
Suppose 6*h - 2*h + 56 = 0. Let i(v) be the first derivative of -v**3/3 - 17*v**2 + 13*v - 198. Is i(h) a composite number?
False
Let k(u) = -17*u**3 + 95*u**2 - 12*u + 219. Is k(-25) a prime number?
False
Let p(f) be the first derivative of -11*f**2/2 - 24*f - 1. Suppose -r = -5*v - 87, 5*v + 2*r + 98 - 17 = 0. Is p(v) a composite number?
False
Suppose -36390 = -9*c - 246. Let q = c + 5881. Is q a composite number?
True
Let q(g) = -50284*g + 33. Let w be q(17). Is (2/(-5))/(46/w) prime?
True
Let k = 1214334 - 614279. Is k a prime number?
False
Let i = 311529 + -158338. Is i a composite number?
False
Let o be (-2)/16 + (908934/(-16))/13. Let k = -523 - o. Is k a prime number?
True
Let y(a) = 13579*a**2 - 292*a - 1974. Is y(-7) composite?
True
Suppose -t - 24 = -7*t. Suppose 0*x + 22985 = 5*k + 5*x, 0 = 3*k + t*x - 13795. Is k a prime number?
False
Let d(n) = 154*n - 381. Is d(40) a prime number?
True
Let x = 42877 